{"id":8,"date":"2016-05-11T13:52:07","date_gmt":"2016-05-11T11:52:07","guid":{"rendered":"http:\/\/daraspe.com\/?page_id=8"},"modified":"2026-04-08T16:16:44","modified_gmt":"2026-04-08T14:16:44","slug":"lorfevre","status":"publish","type":"page","link":"https:\/\/www.daraspe.com\/neo\/lorfevre\/","title":{"rendered":"L&rsquo;orf\u00e8vre"},"content":{"rendered":"\n<p><\/p>\n\n\n\n<div id=\"wp-block-themeisle-blocks-advanced-columns-35825447\" class=\"wp-block-themeisle-blocks-advanced-columns alignfull has-2-columns has-desktop-equal-layout has-tablet-equal-layout has-mobile-collapsedRows-layout has-vertical-center ticss-c00aadba\"><div class=\"wp-block-themeisle-blocks-advanced-columns-overlay\"><\/div><div class=\"innerblocks-wrap\">\n<div id=\"wp-block-themeisle-blocks-advanced-column-ed1b12ac\" class=\"wp-block-themeisle-blocks-advanced-column\">\n<h2 id=\"wp-block-themeisle-blocks-advanced-heading-8f3ca166\" class=\"wp-block-themeisle-blocks-advanced-heading wp-block-themeisle-blocks-advanced-heading-8f3ca166\">Parcours d\u2019un orf\u00e8vre contemporain<\/h2>\n\n\n\n<p>Chaudronnier puis m\u00e9canicien en a\u00e9ronautique, verrier avec un artiste am\u00e9ricain, un curieux apprentissage pour un orf\u00e8vre&nbsp;!<\/p>\n\n\n\n<p>Cet itin\u00e9raire a pourtant men\u00e9 progressivement Roland Daraspe vers la cr\u00e9ation artistique au cours d\u2019une \u00e9volution personnelle vers la libert\u00e9 d\u2019\u00eatre et de penser. Il a d\u00e9couvert qu\u2019il pouvait cr\u00e9er dans les ann\u00e9es 74-75 apr\u00e8s son exp\u00e9rience dans le vitrail. Il a fabriqu\u00e9 des bijoux puis poursuivi avec le m\u00e9tal puisqu\u2019\u00e0 l\u2019origine il avait appris cette technique. Ensuite, il y a eu \u00e9volution naturelle, sans cesse remise en cause. L\u2019incertitude de la cr\u00e9ation, mais la certitude d\u2019\u00eatre&#8230;<\/p>\n\n\n\n<p>En 1992, une r\u00e9trospective de quinze ans de son travail est pr\u00e9sent\u00e9e par Jacqueline du Pasquier, conservateur en chef, au Mus\u00e9e des arts d\u00e9coratifs de Bordeaux. <\/p>\n\n\n\n<div class=\"wp-block-buttons is-layout-flex wp-block-buttons-is-layout-flex\">\n<div class=\"wp-block-button\"><a class=\"wp-block-button__link wp-element-button\" href=\"https:\/\/www.daraspe.com\/neo\/orfevre\/parcours-dun-orfevre-contemporain\/\">Lire la suite<\/a><\/div>\n<\/div>\n\n\n\n<div style=\"height:10px\" aria-hidden=\"true\" class=\"wp-block-spacer\"><\/div>\n<\/div>\n\n\n\n<div id=\"wp-block-themeisle-blocks-advanced-column-fedc9d47\" class=\"wp-block-themeisle-blocks-advanced-column\"><div class=\"wp-block-image\">\n<figure class=\"alignright size-full\"><img loading=\"lazy\" decoding=\"async\" width=\"435\" height=\"600\" src=\"http:\/\/www.daraspe.com\/neo\/wp-content\/uploads\/2016\/12\/201102182025.jpg\" alt=\"\" class=\"wp-image-936\" srcset=\"https:\/\/www.daraspe.com\/neo\/wp-content\/uploads\/2016\/12\/201102182025.jpg 435w, https:\/\/www.daraspe.com\/neo\/wp-content\/uploads\/2016\/12\/201102182025-218x300.jpg 218w\" sizes=\"auto, (max-width: 435px) 100vw, 435px\" \/><\/figure>\n<\/div><\/div>\n<\/div><\/div>\n\n\n\n<h2 class=\"wp-block-heading has-text-align-center\">expositions<\/h2>\n\n\n\n<div id=\"wp-block-themeisle-blocks-slider-014a619d\" class=\"wp-block-themeisle-blocks-slider glide\" data-per-view=\"5\" data-gap=\"0\" data-peek=\"0\" data-autoplay=\"true\" data-height=\"250px\" data-hide-arrows=\"true\"><div class=\"glide__track\" data-glide-el=\"track\"><div class=\"glide__slides\"><div class=\"wp-block-themeisle-blocks-slider-item-wrapper glide__slide\" tabindex=\"0\"><figure><img decoding=\"async\" class=\"wp-block-themeisle-blocks-slider-item\" src=\"http:\/\/www.daraspe.com\/neo\/wp-content\/uploads\/2026\/03\/affiche-univers-creation_1490975031-edited.jpg\" alt=\"\" title=\"\" data-id=\"1765\"\/><\/figure><\/div><div class=\"wp-block-themeisle-blocks-slider-item-wrapper glide__slide\" tabindex=\"0\"><figure><img decoding=\"async\" class=\"wp-block-themeisle-blocks-slider-item\" src=\"http:\/\/www.daraspe.com\/neo\/wp-content\/uploads\/2018\/11\/exposition-wonderlab-tokyo.jpg\" alt=\"\" title=\"\" data-id=\"1367\"\/><\/figure><\/div><div class=\"wp-block-themeisle-blocks-slider-item-wrapper glide__slide\" tabindex=\"0\"><figure><img decoding=\"async\" class=\"wp-block-themeisle-blocks-slider-item\" src=\"http:\/\/www.daraspe.com\/neo\/wp-content\/uploads\/2026\/03\/wonderlab_pekin_2019-edited.jpg\" alt=\"Wonderlab au Mus\u00e9e National de Chine, P\u00e9kin, 12 janvier - 17 mars 2019\" title=\"Wonderlab au Mus\u00e9e National de Chine, P\u00e9kin, 12 janvier - 17 mars 2019\" data-id=\"1764\"\/><figcaption>Wonderlab au Mus\u00e9e National de Chine, P\u00e9kin, 12 janvier &#8211; 17 mars 2019<\/figcaption><\/figure><\/div><div class=\"wp-block-themeisle-blocks-slider-item-wrapper glide__slide\" tabindex=\"0\"><figure><img decoding=\"async\" class=\"wp-block-themeisle-blocks-slider-item\" src=\"http:\/\/www.daraspe.com\/neo\/wp-content\/uploads\/2026\/03\/R4_Revelations_2019_Grand_Palais-edited.jpg\" alt=\"\" title=\"\" data-id=\"1763\"\/><\/figure><\/div><div class=\"wp-block-themeisle-blocks-slider-item-wrapper glide__slide\" tabindex=\"0\"><figure><img decoding=\"async\" class=\"wp-block-themeisle-blocks-slider-item\" src=\"http:\/\/www.daraspe.com\/neo\/wp-content\/uploads\/2026\/03\/DARASPE-COUV-FINAL-1-edited.gif\" alt=\"\" title=\"\" data-id=\"1766\"\/><\/figure><\/div><div class=\"wp-block-themeisle-blocks-slider-item-wrapper glide__slide\" tabindex=\"0\"><figure><img decoding=\"async\" class=\"wp-block-themeisle-blocks-slider-item\" src=\"http:\/\/www.daraspe.com\/neo\/wp-content\/uploads\/2018\/09\/Homo_Faber_Intelligence_de_la_main_Venise_2018.jpg\" alt=\"\" title=\"\" data-id=\"1328\"\/><\/figure><\/div><div class=\"wp-block-themeisle-blocks-slider-item-wrapper glide__slide\" tabindex=\"0\"><figure><img decoding=\"async\" class=\"wp-block-themeisle-blocks-slider-item\" src=\"http:\/\/www.daraspe.com\/neo\/wp-content\/uploads\/2017\/01\/salon_antiquaires_bordeaux_2017.jpg\" alt=\"\" title=\"\" data-id=\"1092\"\/><\/figure><\/div><div class=\"wp-block-themeisle-blocks-slider-item-wrapper glide__slide\" tabindex=\"0\"><figure><img decoding=\"async\" class=\"wp-block-themeisle-blocks-slider-item\" src=\"http:\/\/www.daraspe.com\/neo\/wp-content\/uploads\/2017\/03\/Revelations_R_2017_GrandPalais_Paris_carre.jpg\" alt=\"\" title=\"\" data-id=\"1100\"\/><\/figure><\/div><div class=\"wp-block-themeisle-blocks-slider-item-wrapper glide__slide\" tabindex=\"0\"><figure><img decoding=\"async\" class=\"wp-block-themeisle-blocks-slider-item\" src=\"http:\/\/www.daraspe.com\/neo\/wp-content\/uploads\/2018\/07\/csm_GalerieMandet_c_JoelDamase_182b3ede62.jpg\" alt=\"Mus\u00e9e Mandet, Riom - Galerie consacr\u00e9e \u00e0 l\u2019orf\u00e8vrerie contemporaine \u00a9Jo\u00ebl Damase\" title=\"Mus\u00e9e Mandet, Riom - Galerie consacr\u00e9e \u00e0 l\u2019orf\u00e8vrerie contemporaine \u00a9Jo\u00ebl Damase\" data-id=\"1245\"\/><figcaption>Mus\u00e9e Mandet, Riom &#8211; Galerie consacr\u00e9e \u00e0 l\u2019orf\u00e8vrerie contemporaine \u00a9Jo\u00ebl Damase<\/figcaption><\/figure><\/div><div class=\"wp-block-themeisle-blocks-slider-item-wrapper glide__slide\" tabindex=\"0\"><figure><img decoding=\"async\" class=\"wp-block-themeisle-blocks-slider-item\" src=\"http:\/\/www.daraspe.com\/neo\/wp-content\/uploads\/2016\/09\/daraspe_carcassonne.jpg\" alt=\"\" title=\"\" data-id=\"424\"\/><\/figure><\/div><div class=\"wp-block-themeisle-blocks-slider-item-wrapper glide__slide\" tabindex=\"0\"><figure><img decoding=\"async\" class=\"wp-block-themeisle-blocks-slider-item\" src=\"http:\/\/www.daraspe.com\/neo\/wp-content\/uploads\/2026\/04\/daraspe_orfevre_contemporain_madd_bordeaux.jpg\" alt=\"\" title=\"\" data-id=\"2012\"\/><\/figure><\/div><div class=\"wp-block-themeisle-blocks-slider-item-wrapper glide__slide\" tabindex=\"0\"><figure><img decoding=\"async\" class=\"wp-block-themeisle-blocks-slider-item\" src=\"http:\/\/www.daraspe.com\/neo\/wp-content\/uploads\/2018\/07\/capture_niort_agesci_expo2018.jpg\" alt=\"\" title=\"\" data-id=\"1228\"\/><\/figure><\/div><\/div><\/div><\/div>\n\n\n\n<p><\/p>\n\n\n\n<div id=\"wp-block-themeisle-blocks-button-group-5c6bc9ba\" class=\"wp-block-themeisle-blocks-button-group wp-block-buttons align-center-desktop\">\n<div id=\"wp-block-themeisle-blocks-button-e208a25c\" class=\"wp-block-themeisle-blocks-button wp-block-button\"><a href=\"https:\/\/www.daraspe.com\/neo\/category\/exposition\/\" target=\"_self\" rel=\"noopener noreferrer\" class=\"wp-block-button__link\"><span>Voir toutes les expos<\/span><\/a><\/div>\n\n\n\n<div id=\"wp-block-themeisle-blocks-button-acb1b92e\" class=\"wp-block-themeisle-blocks-button wp-block-button\"><a href=\"https:\/\/www.daraspe.com\/neo\/orfevre\/ouvrages-et-catalogues\/ouvrages-et-catalogues\/\" target=\"_self\" rel=\"noopener noreferrer\" class=\"wp-block-button__link\"><span>Voir tous les catalogues et livres<\/span><\/a><\/div>\n\n\n\n<div id=\"wp-block-themeisle-blocks-button-31088e11\" class=\"wp-block-themeisle-blocks-button wp-block-button\"><a href=\"https:\/\/www.daraspe.com\/neo\/category\/presse\/\" target=\"_self\" rel=\"noopener noreferrer\" class=\"wp-block-button__link\"><span>Revue de Presse<\/span><\/a><\/div>\n<\/div>\n\n\n\n<p><\/p>\n\n\n<div class=\"wp-block-image\">\n<figure class=\"aligncenter size-large is-resized\"><img loading=\"lazy\" decoding=\"async\" width=\"1024\" height=\"187\" src=\"http:\/\/www.daraspe.com\/neo\/wp-content\/uploads\/2026\/04\/daraspe_ouvrages_et_catalogues-1024x187.jpg\" alt=\"\" class=\"wp-image-2002\" style=\"width:1200px\" srcset=\"https:\/\/www.daraspe.com\/neo\/wp-content\/uploads\/2026\/04\/daraspe_ouvrages_et_catalogues-1024x187.jpg 1024w, https:\/\/www.daraspe.com\/neo\/wp-content\/uploads\/2026\/04\/daraspe_ouvrages_et_catalogues-300x55.jpg 300w, https:\/\/www.daraspe.com\/neo\/wp-content\/uploads\/2026\/04\/daraspe_ouvrages_et_catalogues-768x140.jpg 768w, https:\/\/www.daraspe.com\/neo\/wp-content\/uploads\/2026\/04\/daraspe_ouvrages_et_catalogues-1536x280.jpg 1536w, https:\/\/www.daraspe.com\/neo\/wp-content\/uploads\/2026\/04\/daraspe_ouvrages_et_catalogues.jpg 1583w\" sizes=\"auto, (max-width: 1024px) 100vw, 1024px\" \/><\/figure>\n<\/div>\n\n\n<p><\/p>\n\n\n\n<div id=\"wp-block-themeisle-blocks-advanced-columns-8e1f69de\" class=\"wp-block-themeisle-blocks-advanced-columns has-1-columns has-desktop-equal-layout has-tablet-equal-layout has-mobile-equal-layout has-vertical-unset\"><div class=\"wp-block-themeisle-blocks-advanced-columns-overlay\"><\/div><div class=\"innerblocks-wrap\">\n<div id=\"wp-block-themeisle-blocks-advanced-column-d1e426b1\" class=\"wp-block-themeisle-blocks-advanced-column\">\n<div id=\"wp-block-themeisle-blocks-advanced-columns-07e4c3a6\" class=\"wp-block-themeisle-blocks-advanced-columns has-1-columns has-desktop-equal-layout has-tablet-equal-layout has-mobile-equal-layout has-vertical-unset\"><div class=\"wp-block-themeisle-blocks-advanced-columns-overlay\"><\/div><div class=\"innerblocks-wrap\">\n<div id=\"wp-block-themeisle-blocks-advanced-column-bd80db33\" class=\"wp-block-themeisle-blocks-advanced-column\">\n<figure class=\"wp-block-gallery has-nested-images columns-6 is-cropped wp-block-gallery-1 is-layout-flex wp-block-gallery-is-layout-flex\">\n<figure class=\"wp-block-image size-full\"><a href=\"https:\/\/www.daraspe.com\/neo\/labels-et-prix\/maitre-dart\/\"><img loading=\"lazy\" decoding=\"async\" width=\"207\" height=\"170\" data-id=\"2033\" src=\"http:\/\/www.daraspe.com\/neo\/wp-content\/uploads\/2026\/04\/maitredart.jpg\" alt=\"\" class=\"wp-image-2033\"\/><\/a><\/figure>\n\n\n\n<figure class=\"wp-block-image size-full\"><a href=\"https:\/\/www.daraspe.com\/neo\/labels-et-prix\/grand-prix-national-des-metiers-dart-semainma\/\"><img loading=\"lazy\" decoding=\"async\" width=\"207\" height=\"173\" data-id=\"2028\" src=\"http:\/\/www.daraspe.com\/neo\/wp-content\/uploads\/2026\/04\/inma.jpg\" alt=\"\" class=\"wp-image-2028\"\/><\/a><\/figure>\n\n\n\n<figure class=\"wp-block-image size-full\"><a href=\"https:\/\/www.daraspe.com\/neo\/labels-et-prix\/les-grands-ateliers-de-france\/\"><img loading=\"lazy\" decoding=\"async\" width=\"208\" height=\"171\" data-id=\"2029\" src=\"http:\/\/www.daraspe.com\/neo\/wp-content\/uploads\/2026\/04\/lesgrandsateliers.jpg\" alt=\"\" class=\"wp-image-2029\"\/><\/a><\/figure>\n\n\n\n<figure class=\"wp-block-image size-full\"><a href=\"https:\/\/www.daraspe.com\/neo\/labels-et-prix\/prix-liliane-bettencourt-pour-lintelligence-de-la-main-2006\/\"><img loading=\"lazy\" decoding=\"async\" width=\"208\" height=\"174\" data-id=\"2030\" src=\"http:\/\/www.daraspe.com\/neo\/wp-content\/uploads\/2026\/04\/intelligencemain.jpg\" alt=\"\" class=\"wp-image-2030\"\/><\/a><\/figure>\n\n\n\n<figure class=\"wp-block-image size-full\"><a href=\"https:\/\/www.daraspe.com\/neo\/labels-et-prix\/lacademie-nationale-des-sciences-belles-lettres-et-arts-de-bordeaux\/\"><img loading=\"lazy\" decoding=\"async\" width=\"209\" height=\"172\" data-id=\"2031\" src=\"http:\/\/www.daraspe.com\/neo\/wp-content\/uploads\/2026\/04\/academiebdx.jpg\" alt=\"\" class=\"wp-image-2031\"\/><\/a><\/figure>\n\n\n\n<figure class=\"wp-block-image size-full\"><a href=\"https:\/\/www.daraspe.com\/neo\/labels-et-prix\/le-label-epv-entreprise-du-patrimoine-vivant\/\"><img loading=\"lazy\" decoding=\"async\" width=\"207\" height=\"171\" data-id=\"2032\" src=\"http:\/\/www.daraspe.com\/neo\/wp-content\/uploads\/2026\/04\/epv.jpg\" alt=\"\" class=\"wp-image-2032\"\/><\/a><\/figure>\n<\/figure>\n<\/div>\n<\/div><\/div>\n<\/div>\n<\/div><\/div>\n\n\n\n<div id=\"wp-block-themeisle-blocks-advanced-columns-40db0924\" class=\"wp-block-themeisle-blocks-advanced-columns alignfull has-2-columns has-desktop-equal-layout has-tablet-equal-layout has-mobile-collapsedRows-layout has-vertical-top ticss-c00aadba\"><div class=\"wp-block-themeisle-blocks-advanced-columns-overlay\"><\/div><div class=\"innerblocks-wrap\">\n<div id=\"wp-block-themeisle-blocks-advanced-column-006aede9\" class=\"wp-block-themeisle-blocks-advanced-column\">\n<div id=\"wp-block-themeisle-blocks-font-awesome-icons-2b7e7997\" class=\"wp-block-themeisle-blocks-font-awesome-icons\"><span class=\"wp-block-themeisle-blocks-font-awesome-icons-container\"><svg xmlns=\"http:\/\/www.w3.org\/2000\/svg\" viewBox=\"0 0 1800 1800\"><path d=\"M531.087,344.727c0.247,0,0.492,0.033,0.739,0.033h453.558c16.819,0,30.444-13.625,30.444-30.436 c0-16.815-13.625-30.435-30.444-30.435H638.226H531.826c-16.811,0-30.44,13.62-30.44,30.435 C501.386,330.885,514.624,344.331,531.087,344.727z\"><\/path><path d=\"M531.826,497.389h749.422c16.814,0,30.443-13.629,30.443-30.439c0-16.814-13.629-30.439-30.443-30.439 H531.826c-16.811,0-30.44,13.625-30.44,30.439C501.386,483.76,515.016,497.389,531.826,497.389z\"><\/path><path d=\"M531.826,650.009h749.422c16.814,0,30.443-13.633,30.443-30.444c0-8.872-3.822-16.827-9.877-22.389 c-5.424-4.982-12.625-8.046-20.566-8.046H531.826c-7.938,0-15.143,3.064-20.567,8.046c-6.054,5.562-9.873,13.517-9.873,22.389 C501.386,636.376,515.016,650.009,531.826,650.009z\"><\/path><path d=\"M1311.691,772.194c0-16.806-13.629-30.436-30.443-30.436H531.826c-16.811,0-30.44,13.629-30.44,30.436 c0,16.815,13.629,30.444,30.44,30.444h749.422C1298.063,802.638,1311.691,789.009,1311.691,772.194z\"><\/path><path d=\"M1772.088,533.511c-2.481-3.422-5.691-6.4-9.603-8.622l-246.454-139.961v-82.389v-9.853 c-1.264-7.738-5.432-14.501-11.406-19.066l-49.465-42.835l-131.073-113.508l-61.889-53.596c-5.286-4.582-11.866-7.021-18.591-7.275 h-2.197H937.55h-66.904H383.746c-47.809,0-86.705,38.895-86.705,86.696V382.15L61.554,515.893 c-31.678,11.565-54.396,41.913-54.396,77.54v1067.543c0,45.554,37.064,82.618,82.622,82.618h1625.598 c45.558,0,82.623-37.064,82.623-82.618V593.433C1798,569.839,1788.002,548.583,1772.088,533.511z M1614.426,510.814l92.579,52.583 l-11.661,8.301l-179.313,127.664V571.698v-60.883v-55.873L1614.426,510.814z M1405.5,267.454h-132.895V152.361L1405.5,267.454z M357.922,571.698v-60.883v-93.226v-70.01V143.102c0-14.239,11.585-25.825,25.824-25.825h379.699H886.73h34.734h123.285h167.617 v180.296c0,16.631,13.483,30.11,30.119,30.11h212.674v22.668v70.015v90.448v60.883V742.7l-397.298,282.87l-50.781,36.148 l-18.591,13.241l-81.088,57.728l-81.093-57.728l-18.611-13.25l-50.782-36.155L357.922,741.483V571.698z M193.76,510.814 l103.281-58.649v58.649v60.883V698.14L119.448,571.698l-14.597-10.395L193.76,510.814z M68.036,1648.984V609.822l229.005,163.047 l60.88,43.344L710.7,1067.38l-8.372,7.58l-67.267,60.871L68.036,1648.984z M121.495,1682.723l604.294-546.892l35.693-32.304 l45.37,32.304l82.897,59.028c5.283,3.76,11.462,5.637,17.653,5.637c6.187,0,12.369-1.877,17.652-5.637l82.889-59.028l45.354-32.286 l35.686,32.286l604.311,546.892H121.495z M1737.119,1640.271l-557.41-504.439l-67.267-60.871l-8.359-7.563l351.077-249.962 l60.871-43.348l221.088-157.407V1640.271z\"><\/path><\/svg><\/span><\/div>\n\n\n\n<h2 id=\"wp-block-themeisle-blocks-advanced-heading-8e35b90f\" class=\"wp-block-themeisle-blocks-advanced-heading wp-block-themeisle-blocks-advanced-heading-8e35b90f\">envoyez nous un  message!<\/h2>\n\n\n\n<p><\/p>\n\n\n\n<div id=\"wp-block-themeisle-blocks-icon-list-dfc1fb3a\" class=\"wp-block-themeisle-blocks-icon-list\">\n<div id=\"wp-block-themeisle-blocks-icon-list-item-648b3a6e\" class=\"wp-block-themeisle-blocks-icon-list-item\"><i class=\"far fa-envelope wp-block-themeisle-blocks-icon-list-item-icon\"><\/i><p class=\"wp-block-themeisle-blocks-icon-list-item-content\">daraspe@daraspe.com<\/p><\/div>\n\n\n\n<div id=\"wp-block-themeisle-blocks-icon-list-item-d4eec3f8\" class=\"wp-block-themeisle-blocks-icon-list-item\"><i class=\"fas fa-map-marker-alt wp-block-themeisle-blocks-icon-list-item-icon\"><\/i><p class=\"wp-block-themeisle-blocks-icon-list-item-content\">Blanquefort, France<\/p><\/div>\n<\/div>\n<\/div>\n\n\n\n<div id=\"wp-block-themeisle-blocks-advanced-column-22f24803\" class=\"wp-block-themeisle-blocks-advanced-column\">\n<div class=\"wp-block-contact-form-7-contact-form-selector\">\n<div class=\"wpcf7 no-js\" id=\"wpcf7-f1697-o1\" lang=\"fr-FR\" dir=\"ltr\" data-wpcf7-id=\"1697\">\n<div class=\"screen-reader-response\"><p role=\"status\" aria-live=\"polite\" aria-atomic=\"true\"><\/p> <ul><\/ul><\/div>\n<form action=\"\/neo\/wp-json\/wp\/v2\/pages\/8#wpcf7-f1697-o1\" method=\"post\" class=\"wpcf7-form init\" aria-label=\"Formulaire de contact\" novalidate=\"novalidate\" data-status=\"init\">\n<fieldset class=\"hidden-fields-container\"><input type=\"hidden\" name=\"_wpcf7\" value=\"1697\" \/><input type=\"hidden\" name=\"_wpcf7_version\" value=\"6.1.5\" \/><input type=\"hidden\" name=\"_wpcf7_locale\" value=\"fr_FR\" \/><input type=\"hidden\" name=\"_wpcf7_unit_tag\" value=\"wpcf7-f1697-o1\" \/><input type=\"hidden\" name=\"_wpcf7_container_post\" value=\"0\" \/><input type=\"hidden\" name=\"_wpcf7_posted_data_hash\" value=\"\" \/><input type=\"hidden\" name=\"_cf7a__timestamp\" value=\"txMM\/xlZSSO2zK2gbj642Q==\" \/><input type=\"hidden\" name=\"_cf7a_version\" value=\"1.0\" \/><input type=\"hidden\" name=\"_cf7a_address\" value=\"\" \/><input type=\"hidden\" name=\"_cf7a_referer\" value=\"\" \/><input type=\"hidden\" name=\"_cf7a_protocol\" value=\"\" \/>\n<\/fieldset>\n<p><label> Votre nom<br \/>\n<span class=\"wpcf7-form-control-wrap\" data-name=\"your-name\"><input type=\"text\" name=\"name\" value=\"\" autocomplete=\"fill\" class=\"fit-the-fullspace\" aria-hidden=\"true\" tabindex=\"-1\" \/><input size=\"40\" maxlength=\"400\" class=\"wpcf7-form-control wpcf7-text wpcf7-validates-as-required\" autocomplete=\"name\" aria-required=\"true\" aria-invalid=\"false\" value=\"\" type=\"text\" name=\"your-name\" \/><\/span> <\/label>\n<\/p>\n<p><label> Votre e-mail<br \/>\n<span class=\"wpcf7-form-control-wrap\" data-name=\"your-email\"><input size=\"40\" maxlength=\"400\" class=\"wpcf7-form-control wpcf7-email wpcf7-validates-as-required wpcf7-text wpcf7-validates-as-email\" autocomplete=\"email\" aria-required=\"true\" aria-invalid=\"false\" value=\"\" type=\"email\" name=\"your-email\" \/><\/span> <\/label>\n<\/p>\n<p><label> Objet<br \/>\n<span class=\"wpcf7-form-control-wrap\" data-name=\"your-subject\"><input type=\"text\" name=\"address\" value=\"\" autocomplete=\"fill\" class=\"fit-the-fullspace\" aria-hidden=\"true\" tabindex=\"-1\" \/><input size=\"40\" maxlength=\"400\" class=\"wpcf7-form-control wpcf7-text wpcf7-validates-as-required\" aria-required=\"true\" aria-invalid=\"false\" value=\"\" type=\"text\" name=\"your-subject\" \/><\/span> <\/label>\n<\/p>\n<p><label> Votre message (facultatif)<br \/>\n<span class=\"wpcf7-form-control-wrap\" data-name=\"your-message\"><textarea cols=\"40\" rows=\"10\" maxlength=\"2000\" class=\"wpcf7-form-control wpcf7-textarea\" aria-invalid=\"false\" name=\"your-message\"><\/textarea><\/span> <\/label>\n<\/p>\n<p><input class=\"wpcf7-form-control wpcf7-submit has-spinner\" type=\"submit\" value=\"Envoyer\" \/>\n<\/p><div class=\"wpcf7-response-output\" aria-hidden=\"true\"><\/div>\n<\/form>\n<\/div>\n<\/div>\n\n\n\n<p><\/p>\n<\/div>\n<\/div><\/div>\n","protected":false},"excerpt":{"rendered":"<p>expositions<\/p>\n","protected":false},"author":1,"featured_media":0,"parent":0,"menu_order":0,"comment_status":"closed","ping_status":"closed","template":"","meta":{"_acf_changed":false,"neve_meta_sidebar":"","neve_meta_container":"","neve_meta_enable_content_width":"","neve_meta_content_width":0,"neve_meta_title_alignment":"","neve_meta_author_avatar":"","neve_post_elements_order":"","neve_meta_disable_header":"","neve_meta_disable_footer":"","neve_meta_disable_title":"","_themeisle_gutenberg_block_has_review":false,"footnotes":""},"class_list":["post-8","page","type-page","status-publish","hentry"],"acf":[],"_links":{"self":[{"href":"https:\/\/www.daraspe.com\/neo\/wp-json\/wp\/v2\/pages\/8","targetHints":{"allow":["GET"]}}],"collection":[{"href":"https:\/\/www.daraspe.com\/neo\/wp-json\/wp\/v2\/pages"}],"about":[{"href":"https:\/\/www.daraspe.com\/neo\/wp-json\/wp\/v2\/types\/page"}],"author":[{"embeddable":true,"href":"https:\/\/www.daraspe.com\/neo\/wp-json\/wp\/v2\/users\/1"}],"replies":[{"embeddable":true,"href":"https:\/\/www.daraspe.com\/neo\/wp-json\/wp\/v2\/comments?post=8"}],"version-history":[{"count":80,"href":"https:\/\/www.daraspe.com\/neo\/wp-json\/wp\/v2\/pages\/8\/revisions"}],"predecessor-version":[{"id":2101,"href":"https:\/\/www.daraspe.com\/neo\/wp-json\/wp\/v2\/pages\/8\/revisions\/2101"}],"wp:attachment":[{"href":"https:\/\/www.daraspe.com\/neo\/wp-json\/wp\/v2\/media?parent=8"}],"curies":[{"name":"wp","href":"https:\/\/api.w.org\/{rel}","templated":true}]}}